-1 + y + m + 8?
1
Let s(c) = c**3 + 12*c**2 - 11*c + 27. What is the tens digit of s(-11)?
6
Let a = -139 + 264. What is the hundreds digit of a?
1
Let u = -22 - -35. Suppose o = -g + u, g + g - 30 = 2*o. What is the tens digit of g?
1
Let x = 112 - 58. What is the units digit of x?
4
Let n(g) = g**2 + g + 2. Let q be n(0). Suppose q*f + 3*f = 40. What is the units digit of f?
8
Let u(s) = s**3 + 2*s + 3 + 11 - s. Let z(w) = -w + 8. Let o be z(8). What is the tens digit of u(o)?
1
Let f(d) = -d**3 + 5*d**2 + 7*d - 6. Let x be f(6). Suppose -20 = -x*p - 2*p. What is the units digit of p?
0
Suppose 3*o + 2*o - 66 = -4*x, 5*x - 60 = -4*o. Suppose -105 = o*j - 15*j. What is the units digit of j?
1
Suppose -5*x = -2*x - 18. Let t = x + -3. Suppose 0 = -3*g, g = 4*r + t - 63. What is the units digit of r?
5
Suppose 0 = -5*m + 5*r + 5, -2 = 4*r + 2. Suppose 6*y - 3*y - 9 = m. What is the units digit of y?
3
Suppose -2*q + 3*x = -26 + 71, -4*q - 5*x - 79 = 0. Let m = q + 12. What is the units digit of (-2)/(1 - (-15)/m)?
3
Let v = -14 - -36. What is the tens digit of v?
2
Suppose 0*n - 1562 = -11*n. What is the units digit of n?
2
Suppose 0 = -2*t + 6*t + 40. What is the units digit of (-177)/(-5) + t/25?
5
Let k(h) = -h + 10. Let z be k(6). Suppose -z*a - 13 = -d, 4*a = d - 2*d + 13. What is the tens digit of d?
1
What is the units digit of (12/(-14))/(11/(-77))?
6
Let x = -9 + 17. Suppose 4*h - 5*h = -x. Suppose 2*p + 38 = 4*o, -3*o - 4*p + h = o. What is the units digit of o?
7
Suppose 4 + 1 = -5*f + 5*v, -2*f - 11 = v. Let n = f - -8. Suppose a + 59 = n*m, m - 9 = -4*a + 27. What is the tens digit of m?
1
Let u(y) be the third derivative of y**4/24 - y**3/2 + 2*y**2. Let c be u(8). Suppose -s - 56 = -c*s. What is the tens digit of s?
1
Let y(i) = -2*i**2 - i + 2. Let p be y(-4). What is the units digit of p/(-1*2) + -2?
1
Suppose 5*b = -x + 24, -2*b = 5*x + 14 - 42. What is the units digit of x?
4
What is the units digit of (-2 - (-297)/(-6))/(1/(-2))?
3
Suppose f + f - 34 = 0. What is the units digit of -1*(2 - 1) + f?
6
Suppose -s + 2 = -16. Let h be s/4 + (-2)/(-4). Suppose 3*b - 28 = -4*x, h*x + 3*b - b = 42. What is the units digit of x?
0
Suppose 3*j = 2*j + 6. Let c(p) = -p**2 + 7*p + 4. Let o be c(j). Let m = o - 3. What is the units digit of m?
7
Suppose -139 = -4*n + 165. What is the tens digit of n?
7
Let d(h) = -12*h - 2. Let a be d(-2). Suppose -3 = -u, -2*u - 11 = -3*c + a. What is the tens digit of c?
1
Let i be 0/(1 - 2) - 3. Let g be (-16)/12*i/2. Suppose g*c - 3 = c. What is the units digit of c?
3
Suppose -5*t = -6*b + b - 90, -9 = 3*b. Let j(v) = 2*v**2 + t + v**3 - 2*v**2 + v**2. What is the units digit of j(0)?
5
Let u(j) = j - 3. Suppose 0*i = i - 5. Let m be u(i). Let o = 9 - m. What is the units digit of o?
7
Let a(n) = n**3 - 4*n**2 + 4*n - 1. Let b be a(3). Suppose -4*u + 7 = 3*r, -4*r = -b*u - 2*u + 28. Suppose h + u*h - 25 = 0. What is the units digit of h?
5
Let z be 5 - 0*3/(-6). Suppose -4*y = -z + 13. What is the units digit of y + 3 + (12 - -1)?
4
Suppose -7*a + 10 = -4. What is the units digit of a?
2
Let s(t) = -5*t - 2*t + 9 - 10*t**2 + t**2 - t**3. Let x be -2*(-2)/(-4) - 7. What is the units digit of s(x)?
1
Let g(j) = j + 8. Let q be g(-7). What is the units digit of 2 - (q - 0)*-5?
7
Let x be 12*1 + (-2)/1. Let o = x - 3. Let s(y) = -y**3 + 6*y**2 + 7*y + 6. What is the units digit of s(o)?
6
Let c be (-6)/(-4)*368/12. Let f = 67 - c. What is the units digit of f?
1
Let b(t) = -2*t - 2. Let d be b(-3). Suppose 2*w = 8 + d. What is the units digit of w?
6
Suppose -3 - 2 = -q. Suppose q*u + 20 = 10*u. What is the units digit of u?
4
Let y(t) = 4*t**2 - 3*t. Let u(w) = 5*w**2 - 4*w. Let s(g) = 5*u(g) - 6*y(g). What is the units digit of s(4)?
8
Let o = 7 + -7. Let c = 2 + o. Suppose -3*n + c*j = -40, 3*n = -j - 0*j + 34. What is the units digit of n?
2
What is the units digit of (-6)/4 + (-600)/(-16)?
6
Suppose -4*w + 0*w = 4. Let r(x) = -8*x**3 - 1. Let q be r(w). Suppose 0 = -5*g + 17 - q. What is the units digit of g?
2
Let b(v) = 4*v + 3. Suppose 0 = -3*i + 5*i - 6. What is the units digit of b(i)?
5
Let f(z) = -z - 10. Let o = -12 + 4. Let q be f(o). Let l(s) = s**3 + 3*s**2 + 2*s + 1. What is the units digit of l(q)?
1
Suppose -2*x = -2*o + o - 3, 5*x = -5*o + 30. Suppose c - 25 = -0*c - 3*w, 35 = 5*c - o*w. What is the units digit of c?
0
Let m(c) = -3*c + 72. What is the tens digit of m(8)?
4
Let y(w) = -w**3 + 7*w**2 + 3*w + 3. Suppose 7*d - 2*d - 35 = 0. What is the tens digit of y(d)?
2
What is the hundreds digit of (-2)/(-15) + (-28639)/(-195)?
1
Let p(y) be the second derivative of 0 - 3*y + y**2 - 1/6*y**3. What is the units digit of p(-2)?
4
Suppose -2*w - 7 - 7 = 0. Suppose 4*x + 14 = 5*x. Let o = w + x. What is the units digit of o?
7
Let h be (6/4)/((-6)/(-4)). Suppose -4*k + 156 = -5*r, -4*k - 4*r + 193 = h. What is the units digit of k?
4
Suppose 0 = 4*y - 2*y + 3*n + 5, 2*y - 35 = 5*n. Let f = -3 + y. Suppose -2*i - 1 = -3*t + 20, f*i - 21 = -3*t. What is the units digit of t?
7
What is the tens digit of (-2)/(-4)*64*1?
3
Let m = 7 - 10. What is the units digit of ((420/(-2))/m)/2?
5
Let p(r) = -4*r + 8*r - 4 + 0*r. What is the units digit of p(12)?
4
Let y(g) = 6*g + 2. What is the tens digit of y(3)?
2
Let l be 13 - 12 - (6 - -1). What is the units digit of (-3)/2*60/l?
5
Let k = 1 - -10. Let h = 6 - k. Let y(b) = b**3 + 5*b**2 - 3*b - 3. What is the units digit of y(h)?
2
Let d(o) = -o**3 + 7*o**2 - 2*o + 7. What is the units digit of d(6)?
1
Let y(s) = -1 + 2*s**2 - 8*s - 5 - 3*s**2 + 1. What is the units digit of y(-6)?
7
Suppose -l - c = -24, -4*l - 4*c + 2*c + 106 = 0. Suppose -l = -2*k - 3*d + 9, -4*d = 0. What is the tens digit of k?
1
Let b = 137 - 89. What is the units digit of b?
8
Suppose 64 = j + j. What is the tens digit of j?
3
Let o be (-75)/20 + (-3)/(-4). What is the tens digit of o - ((-34)/(-2))/(-1)?
1
Suppose 10*z - 20 = 5*z. Let l be ((-96)/(-10))/((-2)/(-10)). Suppose -l = h - z*h. What is the units digit of h?
6
Let d = 42 + -12. Let c = d + -10. Suppose 5*l - c = 3*l. What is the units digit of l?
0
What is the tens digit of (-2 - (-6)/(-9))/(2/(-54))?
7
What is the hundreds digit of 10/(240/(-18)) - (-2382)/8?
2
What is the units digit of 6*(-6)/9 + 145?
1
Suppose -8*o + 87 = -25. What is the units digit of o?
4
Let q = 50 + -37. What is the units digit of q?
3
Let h(w) = -w**3 + w**2 + 3. Let d be h(0). Suppose 2*v - 72 = -3*p, 2*p + d*p - 120 = -4*v. Let m = p + -13. What is the units digit of m?
1
Let x = 16 - -16. What is the tens digit of x?
3
Suppose t + 7*x - 4*x = 7, 3*t = -x + 13. Suppose -4*u = -2*u - t. Suppose -4*j = -u*k - 38, -6*j = -2*j + 4*k - 44. What is the units digit of j?
0
Suppose -19 + 7 = -4*s. Suppose s*v + v - 172 = 0. What is the tens digit of v?
4
Suppose -2*x - 5*s = -46, 4*x = 2*s + 3*s + 92. Suppose 2*v - x = 3*y, -2*v + 2*y + 28 = -2*y. What is the units digit of 33/v + 2/(-8)?
8
Suppose -4*x = -8 - 8. What is the units digit of (-92)/(-6) - x/12?
5
Let c = 90 - 27. What is the units digit of c?
3
Suppose -4*g + 3*i = -559, -11*g - 5*i = -16*g + 695. What is the units digit of g?
2
Let o(i) = -i**3 + i. Let l(q) = -7*q**3 - 6*q**2 + 2*q - 5. Let y(b) = l(b) - 6*o(b). What is the units digit of y(-6)?
9
Let h = 113 + -80. What is the units digit of h?
3
Suppose 3*s + 193 - 1153 = 0. What is the units digit of s?
0
Let z = 41 + -22. Let y = z + -8. What is the tens digit of y?
1
What is the units digit of (1/(-3))/((-6)/810)?
5
Suppose 5*b - 4*v = 123, -b - 107 = -6*b - 4*v. Let i = 3 + b. What is the tens digit of i?
2
Suppose 4*n - 7 = 109. Suppose 2*y + 47 + n = 4*r, 3*y - 12 = -r. What is the units digit of r?
8
Let f(v) = v**2 + 9 + v + 0*v**2 + 7*v. What is the units digit of f(-8)?
9
Let v = 14 + 19. What is the units digit of v?
3
Let c(k) = -13*k**3 + k**2 + k + 2. Let n be c(-2). Suppose 28 - n = -4*p. Let a = -10 + p. What is the tens digit of a?
1
Let k = -480 + 842. What is the units digit of k?
2
Let o be (-6 - -11)*(-2)/(-5). Suppose o*s + 3*s = 3*f + 40, -2*s - 3*f + 37 = 0. What is the units digit of s?
1
Let o(d) be the second derivative of -3*d**3/2 - 6*d**2 + 4*d. What is the tens digit of o(-5)?
3
Suppose -